 p and 18?
6
Suppose x - 3*x = -90. What is the greatest common divisor of 9 and x?
9
Let w(b) = b**2 + 2*b + 3. Let i be w(-3). Suppose -i + 20 = j. What is the highest common factor of j and 98?
14
Let w(y) = 2*y**3 + 12*y**2 + 6*y - 3. Let k be w(-5). Calculate the greatest common factor of 136 and k.
17
Suppose 0 = -4*y + 2 + 2. Let u(r) = r + 2. Let j be u(3). Let f = j + 3. Calculate the greatest common factor of f and y.
1
Suppose -3*s = -94 - 188. Calculate the highest common divisor of s and 47.
47
Let a(r) = -r**2 - 13*r - 6. Let g be a(-9). Suppose -g = -l + 5*o + 26, l - 74 = -4*o. What is the highest common divisor of 44 and l?
22
Let n(l) = l**3 + l**2 + 6*l - 2. Let s be n(6). What is the greatest common factor of s and 26?
26
Let w be 382/4 + -1 - 3/(-2). What is the highest common divisor of w and 32?
32
Suppose c + 2*n - 54 = -0*n, 5*c + 2*n - 270 = 0. Calculate the greatest common divisor of c and 6.
6
Let t be (-190)/(-20) + (-6)/(-4). What is the highest common factor of 11 and t?
11
Let q = -6 + 11. Suppose 0 = q*k + 216 - 1696. Suppose -u + r = -62, -2*r + k = 5*u - 0*r. What is the highest common divisor of u and 24?
12
Let z = 2 + 1. Let d = z - 3. Let t = 1 + d. Calculate the greatest common divisor of 1 and t.
1
Suppose 0*h - 651 = -3*h. Calculate the highest common factor of h and 31.
31
Suppose 3*c - 4*n = -c + 8, 2*n + 6 = 3*c. Let l = 26 + -13. Let z = l + -9. What is the greatest common divisor of c and z?
2
Let q = 34 - -110. Let g be 8/(-2)*(-36)/48. Let s be ((-3)/9)/(g/(-144)). Calculate the greatest common divisor of q and s.
16
Let l(q) = -q + 16. Let c be l(0). Suppose 2*j = 4*w + 8, 6*w - 2*w - c = 0. What is the greatest common divisor of 108 and j?
12
Suppose 0 = -0*y - y + 39. Suppose 217 = 3*h + 67. Suppose 5*n = h + 15. What is the highest common factor of y and n?
13
Let a = 89 - 34. Let i = -66 - -71. What is the highest common divisor of i and a?
5
Suppose 5*h - 5*c - 120 = 0, -2*h + 3*c = 34 - 84. Let r be -1 + 2*(14 - -3). Calculate the greatest common factor of h and r.
11
Let l be 8/((-1)/((-9)/2)). Let t(v) = -v**2 + 12*v + 4. Let p be t(10). Calculate the greatest common divisor of p and l.
12
Let r be 2/18 - (-985)/45. Calculate the greatest common factor of r and 2.
2
Suppose g - 2*a = -g + 24, -3*g + 4*a = -36. Suppose -3*l = -4*f - 3 + 17, l = f - 4. Let i be (1/l)/(1/(-24)). Calculate the highest common factor of g and i.
12
Suppose -40 = -2*v - 2*v. What is the highest common divisor of v and 15?
5
Let q = 2 - -3. Calculate the highest common divisor of 20 and q.
5
Suppose 0 = -r + 6. Suppose -i + 0*i = -2*f + 7, -3*f - 3*i = -33. What is the highest common divisor of r and f?
6
Let p(o) = o**3 - 6*o**2 + o + 8. Let g be p(6). Calculate the greatest common factor of g and 14.
14
Let w = 13 - -3. What is the highest common factor of w and 96?
16
Suppose -4*a - 45 + 141 = 0. Suppose 7*q - 9*q + a = 0. Suppose 0 = -3*n + 287 + 109. Calculate the greatest common factor of n and q.
12
Let s(c) = -2*c. Let p(q) = -q. Let u be p(-2). Suppose x = 2*h + 17, -u*h + 4*h - 4*x + 32 = 0. Let g be s(h). What is the greatest common factor of 60 and g?
12
Let c = 4 + -2. Let q be (66*4/(-8))/((-12)/8). Calculate the greatest common factor of q and c.
2
Suppose -3*n + 54 = -3. Calculate the highest common divisor of n and 152.
19
Suppose 0 = 20*k - 19*k + 6. Let h be (-492)/1*4/6. Let x be (-8)/12 + h/k. Calculate the greatest common divisor of 36 and x.
18
Let w(d) = d**3 - 6*d**2 + 3. Let a be w(6). Let l = 8 - a. Calculate the highest common factor of 25 and l.
5
Let s(v) = v**3 + v + 3. Let w be s(0). Suppose 4*g = g. Suppose 0 = -t - g*t + 9. What is the greatest common factor of t and w?
3
Let y(m) = 10*m**2 + 4*m - 3. Suppose v = 3*j + 5 - 17, -v = 3*j - 6. Let d be y(j). Calculate the highest common divisor of 11 and d.
11
Suppose 2*c = o - c - 12, -3*o + 24 = -5*c. Suppose 2*l + o*l = 20. Suppose -72*b + 144 = -63*b. Calculate the greatest common divisor of b and l.
4
Suppose -k + 0*k - 3 = 0, 4*k = 5*t - 27. Let w = t - -1. Let y = 36 + -12. What is the highest common factor of w and y?
4
Suppose w + 2*s - 2 = s, -w = -4*s - 17. Suppose 4*m - 67 - 88 = -w*a, -5*m - 5*a + 200 = 0. What is the highest common factor of m and 9?
9
Let v = 4 + 12. Let k be 8 + (1 - v/4). Calculate the greatest common factor of k and 40.
5
Let t(q) = 9*q - 3. Let z be t(2). Suppose 0 = n - 13 - 22. Suppose -n = -4*m - m + 5*g, 23 = 4*m + g. What is the highest common factor of z and m?
3
Suppose 0 = 5*h - 154 - 31. Let u be (-4)/14 + h/7. Let b(i) = -i**3 + 3*i**2 + 3*i + 5. Let q be b(4). What is the greatest common factor of u and q?
1
Suppose 3*t + 5*g - 239 - 72 = 0, 0 = -5*t + 5*g + 465. Let x = 143 - t. What is the greatest common factor of x and 23?
23
Let w(f) = f + 4. Let v be w(1). What is the greatest common divisor of v and 50?
5
Let m be 28/2 + (0 - 0). Let h(t) be the second derivative of t**4/12 - t**3/2 - 3*t**2/2 - t. Let r be h(-2). What is the highest common factor of r and m?
7
Let j(k) = -5*k**3 + k**2 - k - 1. Suppose -4*m = -m - 3. Suppose -1 = 2*x + m. Let z be j(x). What is the greatest common divisor of z and 6?
6
Suppose 24 = 5*c + 4. Suppose 4*p - 16 = 12. Suppose p*v - 60 = 2*v. Calculate the greatest common divisor of v and c.
4
Let w be (-2 + 0)*1 + (41 - -6). Suppose 1 = -u + 19. Calculate the greatest common divisor of u and w.
9
Let w(f) = f**3 + 5*f**2 - 1. Let m be w(-4). Let z(a) = 9*a**2 + a + a**3 + 2 - 4*a + 3. Let b be z(-5). Calculate the highest common divisor of b and m.
15
Let h = -297 - -577. What is the greatest common factor of 35 and h?
35
Let k be (-1*10)/(-2) + -2. Suppose k*m - 3 = 3. Calculate the greatest common factor of 1 and m.
1
Let q be (2/(-1))/(2/(-7)). Let j = q + -3. Calculate the highest common divisor of 6 and j.
2
Let q(p) be the second derivative of -p**3/3 + 3*p**2/2 - 3*p. Let h be q(-3). What is the highest common factor of 63 and h?
9
Let d(j) = j**2 + 2. Let g be d(0). Let z(q) = -6*q + g*q - 3 - 11*q. Let s be z(-5). What is the highest common divisor of s and 12?
12
Let o = -7 - -11. What is the highest common factor of o and 28?
4
Suppose 3*b - 61 = -5*i - 0*i, 3*i - b = 31. Calculate the greatest common factor of 1 and i.
1
Suppose 0*o - o + 77 = 0. Suppose -3*l = -5*l + 42. Suppose z - l = -2*z. Calculate the highest common divisor of o and z.
7
Suppose -3*a = m, 0*m = m - a - 4. What is the highest common factor of m and 21?
3
Let o be -2 - (-7)/((-28)/(-16)). Suppose -l + 2*r = -4, -5*l - o*r + 65 + 3 = 0. What is the greatest common factor of l and 6?
6
Let m be 3 - (-2)/(-2)*-6. What is the highest common factor of m and 3?
3
Let p = -6 + 9. Suppose -4*x - 47 = -p*u, -3*u + 2*x = 25 - 68. Calculate the greatest common divisor of u and 65.
13
Let q be 2/(-4) + (-343)/(-2). Let l = q - 19. Suppose -3*g + 52 = a, g - 11*a - 24 = -10*a. Calculate the highest common factor of l and g.
19
Let d = -146 - -212. Suppose -414 = -5*l + d. Let z = 6 + 6. What is the highest common divisor of z and l?
12
Suppose 4*w + 2*z + z - 291 = 0, -2*w + 135 = 5*z. Calculate the highest common divisor of 45 and w.
15
Let z = 90 + -54. Suppose 7*o - 49 = 119. Calculate the highest common divisor of z and o.
12
Suppose 0*y - 12 = -y. Suppose -y = -x - x. What is the greatest common factor of x and 48?
6
Let l be (3 - 33)*42/(-18). Suppose -3*w + 17 = -2*w + n, 5*w = -2*n + 76. What is the greatest common divisor of l and w?
14
Let u = 48 + -80. Let s = -19 - u. What is the highest common factor of s and 130?
13
Suppose 5*p = x + 3*x - 540, -4*x + 528 = -2*p. Suppose -l = l - x. Calculate the highest common factor of 26 and l.
13
Let v(z) = 0*z**2 + 0*z**3 + 3*z + z**3 - 6 - 6*z**2. Let a be v(6). What is the highest common factor of 60 and a?
12
Suppose 4*d - f = 470, 60 = d + 5*f - 47. Calculate the greatest common divisor of d and 13.
13
Let m be (-52)/(-10) - (-1)/(-5). Suppose -2*w = 2*p + 38, -6*w - m*p = -2*w + 81. Let v = 21 + w. What is the greatest common factor of 56 and v?
7
Suppose -3*g + 8 = g. Suppose 4*z - 2*y = 142, z = -3*y + g*y + 37. Calculate the highest common factor of 4 and z.
4
Let h(d) = -19*d**2 - d + 2. Let k be h(-5). Let m be 